) = 2*i + 4 + 4*i - 9 - i**k. Determine l(7).
-12
Let q(v) = 4*v**2 - 13*v - 3. Let w(l) = 2*l**2 - 7*l - 2. Let j(z) = -3*q(z) + 5*w(z). Let d(a) = -2*a**3 + 40*a**2 - a + 23. Let p be d(20). Give j(p).
-7
Let t(a) = -3*a**2 - 9*a - 9. Suppose 4*r + 2 = 2350*s - 2348*s, 0 = 3*s + 4*r + 17. Give t(s).
-9
Let j(l) be the first derivative of -5/4*l**4 + 81 - 1/2*l**2 - 2/3*l**3 + l. What is j(-2)?
35
Let x(k) = -14*k + 6 - 912*k**2 + 457*k**2 + 453*k**2. Give x(-8).
-10
Let z(j) be the first derivative of 1/2*j**2 - 13*j + 26. Determine z(9).
-4
Let x(i) = i - 7. Let w be x(5). Let u be 6/(-2*(-1)/w). Let q(f) = -f**3 - 5*f**2 + 5*f + 7. What is q(u)?
13
Suppose 0 = 4*j - 21 + 13. Let b(o) be the second derivative of 48*o + 0 - 1/3*o**3 + 3/2*o**2. Determine b(j).
-1
Suppose -5*w = -2*c - c - 5, 0 = c + 5*w - 25. Suppose 2*u + c*t = 2*t + 10, 2*t + 2 = 3*u. Let q(j) = -j**u + 4*j - 5*j - 5*j + 5*j + 1. Calculate q(2).
-5
Let o(m) = m - 2. Suppose 16*r = w + 15*r + 7, 3*w + 5*r = -61. Let j be w/22 - 5734/(-671). Give o(j).
6
Suppose 1959*x - 1955*x - 120 = 0. Let p(j) = -j**3 + 32*j**2 - 62*j + 59. Give p(x).
-1
Let q(s) = -4*s**3 + 3*s**2 - 3*s - 13. Let u(c) = c**3 - c**2 + c + 3. Let o(b) = -2*q(b) - 9*u(b). Let r = 9496 + -9493. What is o(r)?
-10
Let b(a) = -a**2 + 25*a + 309. Let k be b(-9). Let q(w) be the third derivative of 0*w - 2*w**2 + 0 + w**k - 1/24*w**4. Calculate q(5).
1
Let d(z) = -3*z + 2. Let x(s) = 10*s - 67. Let j be x(7). Suppose -j*h + 329 = 317. Calculate d(h).
-10
Suppose -5*i + 3 = -36*o + 35*o, -51 = -5*o + 3*i. Let f be o*(1 + (-27)/36). Let b(a) = -6*a + 2. What is b(f)?
-16
Let u(p) = -11*p + 180. Let b be (-357)/(-6)*((-2)/7)/(-1). What is u(b)?
-7
Let q = -2537 - -2551. Let b(d) = 9*d - 129. Give b(q).
-3
Let x(c) = 14*c**2 - 35*c - 8. Let z(b) = 11*b**2 - 32*b - 7. Let a(v) = -3*x(v) + 4*z(v). Calculate a(12).
8
Let d(c) = c + 9. Let f be d(-10). Let x be (-9 + f)*((-135)/(-18))/(-15). Let r(t) = 2 - 3*t + 0 - x + 0. Calculate r(6).
-21
Let c(f) = 2*f**2 + 12*f - 14. Let p(t) be the third derivative of t**5/60 + 13*t**4/24 - 5*t**3/2 + 55*t**2. Let b(x) = 2*c(x) - 3*p(x). Give b(14).
3
Let k(g) = 0 + 1 + g**2 + 389*g - g**3 - 3 - 4 - 386*g. Calculate k(0).
-6
Let j be 0/(-9) - 3/(2 + 1). Let b = 94 - 88. Let s(l) = 6 + 1 - b - 5*l. Calculate s(j).
6
Let y(a) = a + 13. Let s(l) = l + 29. Let v(z) = s(z) + 6*y(z). Give v(-13).
16
Let l(w) = 15*w**2 - 20*w - 1. Let j(t) = -754*t - 13571. Let f be j(-18). Determine l(f).
-6
Let n(h) = -2*h - 40*h**2 + 5 + 2 + 2 - 38*h**2 + 77*h**2. What is n(-11)?
-90
Let m(a) = -7*a**2 - 74*a - 15. Let o be m(-10). Suppose 225 = -o*c - 20*c. Let h(z) = z**3 + 4*z**2 + z + 6. What is h(c)?
-24
Suppose 61*g - 112 = 193. Let c(b) = 1 - 4*b + 4 + 2*b**2 - 9 - 6*b. Determine c(g).
-4
Let c(i) = i**3 - 2*i**2 + i + 8. Let o be c(0). Let l(p) = -5*p**3 + 6 - o*p**2 + 0 + p**3 - p + 5*p**3. Determine l(8).
-2
Let v(k) = -2*k**2 + 15*k - 16. Let i be 40/(1600/420) - 9/6. What is v(i)?
-43
Let y(z) be the second derivative of -z**5/20 - 2*z**4/3 + 4*z**3/3 - 11*z**2/2 - 771*z - 4. Give y(-10).
109
Let c(k) be the first derivative of 67*k**4/4 + k**3/3 + k + 419. Determine c(1).
69
Let y = 240 + -170. Let i = y - 66. Let h(q) = -2 + q**2 - i*q - 2 - 3. Calculate h(6).
5
Let k = 60222 - 60223. Let h(u) be the second derivative of 11*u**4/6 + u**3/6 - 2*u. Determine h(k).
21
Let j(v) be the first derivative of v**3/2 + v**2/2 + 6*v - 65. Let d(w) be the first derivative of j(w). Determine d(-1).
-2
Let r(w) = w**3 + w - 2. Let x(h) = -2*h**3 - 65*h**2 + 24*h - 297. Let m be x(-33). Give r(m).
-2
Let z(t) = -3*t**3 - 21*t**2 + 28*t + 23. Let x(j) = j**3 - j**2 - j - 7. Let l(h) = 4*x(h) + z(h). Calculate l(24).
-5
Let w(q) = q**2 + 4*q + 11. Let b be w(-10). Let y(h) = h**3 + 24*h**2 + 29*h + 70. Let r be y(-23). Let m = b + r. Let u(x) = 2*x + 2. What is u(m)?
8
Let r(j) = -j**2 + 7*j - 10. Let l be 6*3*10/30. Give r(l).
-4
Let u(f) = -3*f**2 + 4*f + 25. Let x be 153/34*-3*(-18)/(-81). Give u(x).
-14
Let j(s) = -s**3 + 14*s**2 + 48*s + 42. Suppose -2*x = 5*k - 97, 2*x - 34 = -22. What is j(k)?
-9
Suppose 5*f - 65 = -8*f. Suppose -s - 7*n + 28 = -13*n, -f*n = s + 16. Let a(w) = -5 + 0*w**3 - 2*w**2 + 5*w**3 - 4*w - 4*w**3. What is a(s)?
11
Suppose -10 = -5*u - 0*u. Let s(i) = -7 + 0*i**2 + 5*i**u + i**3 + i + 9 + 4*i. Give s(-4).
-2
Let m(r) = 29*r**2 + 13*r - 56. Let b(l) = -5*l**2 + 5. Let a(z) = -6*b(z) - m(z). Let n be (33/(-12))/(2/(-8)). What is a(n)?
4
Let q(u) = 10*u**3 - 4*u**2 - 4*u - 1. Let r be (-20)/1 - 7353/(-387). What is q(r)?
-11
Suppose -27*l + 34*l = -35. Let c(n) = 3*n**2 - 5*n + 1. Let f(q) = -2*q**2 + 3*q - 1. Let v(k) = l*c(k) - 8*f(k). Give v(-3).
9
Let k(g) = g**2 + 2*g - 2. Let a = -18 + -104. Let y be a*(21/6 + -4). Let d = y - 64. Calculate k(d).
1
Let p = 58 - 55. Let l(h) = -5*h**2 + 3*h**3 + 2*h**2 - 2*h - 2*h**3 + 9 - 7. Calculate l(p).
-4
Let j(i) = i**3 + i**2 + 2*i - 1. Suppose 0 = -4*t + 666 + 230. Suppose -214*d = -t*d - 20. Calculate j(d).
-9
Let a(s) = -2*s**2 - 11*s - 6. Let i be -5*(-8 + 6 - (-15)/25). Suppose -4*f + i = 23. Determine a(f).
6
Let a(r) be the first derivative of -3*r**2 - 7*r - 7. Let h(w) = w**2 + 6*w. Let i be h(-5). Determine a(i).
23
Suppose 3*b - 4*n - 31 = 0, 2*b - n + 15 - 34 = 0. Let v(z) be the third derivative of -z**4/6 + 4*z**3/3 + 109*z**2. Calculate v(b).
-28
Let y(g) = g - 18. Let n(u) = -2*u + 37. Let q(j) = 3*n(j) + 4*y(j). Calculate q(6).
27
Suppose 11683 + 157 = -686*s - 7368. Let j(r) = r**3 + 27*r**2 - 32*r - 110. Calculate j(s).
2
Suppose -5*y + 6*d = 8*d, 2*y + 5*d = 0. Suppose y = -10*c - 39 - 21. Let k(u) = -u - 6. Determine k(c).
0
Let o(d) = -5*d + 8. Let a(r) = -r**2 - 36*r - 152. Let c be a(-31). Let t = 9 + c. Calculate o(t).
-52
Let m be (-4 - (-54)/12)/(2/(-12)). Let d(a) be the first derivative of 3*a - 1/2*a**2 + 7. Give d(m).
6
Let o(d) be the second derivative of d**5/20 + d**4/4 - 5*d**3/6 - 3*d**2/2 - 55573*d. Suppose -5*h + 3*p - 4 = -1, 20 = -5*p. What is o(h)?
12
Suppose 9*l = 43 - 16. Let u(q) = -13*q + 3*q + 1 + 1 + q**2. Let f(a) = a**2 - 9*a + 2. Let y(c) = l*u(c) - 4*f(c). What is y(6)?
-2
Let b(v) be the third derivative of -v**5/60 + 5*v**4/24 - v**3/3 - v**2. Let n(d) = 272*d - 890. Let u be n(11). Let g = -2099 + u. Calculate b(g).
4
Let r be -2 - 3/(6/8). Let c(j) = j**3 - 4 + 8*j + 3651*j**2 - 3643*j**2 + 4. Give c(r).
24
Suppose 8 - 2 = 3*a. Let z(u) = 8 - 6 - 2*u - a. Let d(p) = 2*p + 1. Let y(q) = 5*d(q) + 4*z(q). Give y(-4).
-3
Suppose 347 = 43*c + 3. Let k(h) = -5*h + 5 + 4*h**3 - 3*h**3 + 6*h**3 + c*h**2 + 0*h**2 - 8*h**3. Calculate k(7).
19
Let i be 0/(-2)*(-2 - -1). Suppose 15 = -3*q, -x - 18 = -i*x + 4*q. Suppose -4 = -2*t + x*j, 3*t + t - 3*j = 3. Let b(l) = -l. Determine b(t).
3
Let u(n) = n**2 - 2*n + 43. Suppose 182*m + 3 - 3 = -0. Give u(m).
43
Let x(w) = -3*w**3 + 3*w**2 + 3*w + 146. Let u(v) = -v**3 + v**2 + v + 49. Let s(y) = 11*u(y) - 4*x(y). Let a(h) = -778*h - 1556. Let g be a(-2). Give s(g).
-45
Let v(d) = 11*d. Let f(h) = h**2 + 21*h + 70. Let y be f(-4). Let g(u) be the second derivative of -u**3/2 + 5*u**2/2 - u. Let l be g(y). Give v(l).
-11
Suppose k = -2*y + 12, -y + 5 = -5*k + 10. Let f be 4*1 + (3 - (k + 1)). Let c(b) = -5*b + b**2 - 9*b + 6 + 3*b + 6*b. Determine c(f).
2
Suppose -4*o - j = -168, -3*o = 5*j + 26 - 169. Let k = -46 + o. Let t(x) = -x + 8. Let z(i) = i - 1. Let f(c) = -t(c) - 2*z(c). Calculate f(k).
-1
Let v be -4 + 2 + -26 + 2. Let b = 30 + v. Let p(a) = 4 - 2*a**2 - b*a**2 - 75*a - 77*a + 156*a + a**3. Give p(5).
-1
Let x(f) be the third derivative of 19*f**4/24 - 97*f**3/6 - 5*f**2 + 490. Determine x(6).
17
Let n(h) be the third derivative of h**4/3 - 24*h**2. Let r(z) = z**3 - 6*z**2 + z - 8. Let w(s) = 7*s - 29. Let q be w(5). Let g be r(q). Calculate n(g).
-16
Let m(j) = j**3 + 1 + 15*j**2 - j - 39*j**2 + 11*j**2 + 13*j**2. Let g(h) = 6*h**3 + h**2 - 3*h + 3. Let a(w) = -g(w) + 5*m(w). What is a(1)?
-2
Let c(n) = -8*n - 2. Let q(p) = -92 - 16*p + 88 - 3*p. Let m(r) = 5*c(r) - 2*q(r). Calculate m(3).
-8
Suppose 0 = m + 4 + 3. Let i(v) = -1221 - 3*v + 2443 - 1222. Determine i(m).
21
Suppose m - 2*o + 6*o = 10, -8 = -2*o. Let h(r) = 4*r + 